111011 (base 2) in base 4?
-2223220323
What is -49823 (base 14) in base 9?
-303764
Convert 9af5a (base 16) to base 10.
634714
What is 11430 (base 12) in base 4?
11220210
21411542 (base 6) to base 2
10011100000101110110
435134435 (base 6) to base 3
112200111102012
-10298b (base 14) to base 10
-545199
What is -2eadd (base 15) in base 9?
-250061
12a03b6 (base 13) to base 10
5855661
Convert 1275b24 (base 12) to base 6.
205555244
Convert -20661256 (base 7) to base 14.
-33c5d6
5a824 (base 12) to base 6
2341244
Convert -202211220121 (base 3) to base 16.
-642fa
What is 3121423121 (base 5) in base 8?
30432304
Convert -28976 (base 12) to base 6.
-1114230
Convert 228a5 (base 13) to base 8.
173033
What is 319417 (base 10) in base 11?
1a8a8a
-111110000001011 (base 2) to base 15
-9620
-146572 (base 8) to base 7
-306234
What is -4122422 (base 6) in base 14?
-52010
Convert 3bdb2 (base 15) to base 14.
5000c
20130210 (base 4) to base 14
c872
-477572 (base 11) to base 8
-2705724
Convert b2b1b7 (base 13) to base 16.
3f90c7
What is 3871688 (base 11) in base 14?
c68719
What is 192249 (base 10) in base 14?
500c1
Convert 708873 (base 9) to base 10.
419889
Convert 1373230 (base 8) to base 10.
390808
-36616 (base 13) to base 9
-162027
-32aab6 (base 16) to base 3
-20020200212120
Convert -944261 (base 10) to base 4.
-3212202011
100111110101111100 (base 2) to base 14
4368c
Convert 3630433 (base 7) to base 2.
1110000100110011100
What is -41deed (base 15) in base 16?
-2fd78d
2137a44 (base 13) to base 9
21045551
What is -1a734 (base 11) in base 6?
-341255
1b6b51 (base 12) to base 10
488941
2135111 (base 8) to base 12
237009
124526541 (base 7) to base 13
186244b
What is 5540a (base 13) in base 4?
211231230
ac45b (base 16) to base 14
14521d
What is 110111110101010111 (base 2) in base 3?
102121201012
-3322641 (base 8) to base 16
-da5a1
Convert 13155607 (base 9) to base 14.
c070d6
What is -111243431 (base 5) in base 15?
-9b3cb
Convert -1692683 (base 10) to base 6.
-100140255
Convert 12031210300 (base 4) to base 16.
18d930
What is 5563a6 (base 11) in base 12?
369325
Convert -4175 (base 9) to base 14.
-118d
What is -70004 (base 9) in base 12?
-226b7
6cf59 (base 16) to base 13
1281a7
Convert 222133131 (base 4) to base 8.
523735
Convert 1054747 (base 8) to base 11.
185276
Convert -1541415 (base 9) to base 7.
-10154534
What is -1033240313 (base 5) in base 15?
-2e49c3
What is 31020 (base 7) in base 6?
55000
Convert 7fd00f (base 16) to base 2.
11111111101000000001111
What is -3c816 (base 14) in base 11?
-a257a
Convert -47a22 (base 11) to base 12.
-33bb7
2b0a6 (base 15) to base 10
138531
What is -111416 (base 13) in base 6?
-12344322
Convert -210302313 (base 4) to base 11.
-a3260
What is 4504317 (base 8) in base 13?
336b53
What is -354ad8 (base 15) in base 12?
-a2a0ab
Convert 221c6 (base 14) to base 13.
2b83a
Convert 261520 (base 7) to base 3.
2110200211
What is -21202021122 (base 3) in base 7?
-1203542
101001100110101000000 (base 2) to base 7
14405350
What is -44627114 (base 8) in base 3?
-200011001100002
Convert -20336 (base 9) to base 16.
-3456
Convert -223222540 (base 6) to base 13.
-aca13c
What is -32bac (base 15) in base 16?
-275ee
Convert 52a265 (base 12) to base 16.
13e2ed
386643 (base 9) to base 16
39426
What is 5254 (base 16) in base 13?
9793
What is -111116110 (base 7) in base 3?
-110122210010211
-2343540 (base 6) to base 7
-1020441
What is 412430011 (base 5) in base 3?
10011200002221
Convert -8c5479 (base 14) to base 4.
-102032203103
Convert -34460100 (base 7) to base 11.
-1785179
Convert 2d999 (base 14) to base 6.
2241351
Convert -3839c (base 15) to base 6.
-3503533
What is 1858167 (base 9) in base 2?
11111110100010110100
What is 37ad6 (base 16) in base 14?
5d178
-5378794 (base 10) to base 11
-3044193
Convert 12121120112110 (base 3) to base 9.
5546473
Convert 227714 (base 8) to base 16.
12fcc
-1696a5 (base 12) to base 2
-1011111001010011101
18d47 (base 14) to base 12
30543
Convert -20120010 (base 4) to base 14.
-c708
What is 367108 (base 9) in base 4?
312020021
-202ca (base 13) to base 12
-29422
What is -143625 (base 14) in base 3?
-1022121111100
210222200122 (base 3) to base 5
102322200
Convert -1000000010000001011 (base 2) to base 4.
-1000100023
-432313 (base 6) to base 14
-cd49
Convert -1030332344 (base 5) to base 13.
-5bcc56
Convert 212306 (base 9) to base 12.
61166
Convert -21121030 (base 6) to base 8.
-2265252
Convert -32303002031 (base 4) to base 13.
-a5a7c9
What is 1653660 (base 7) in base 13?
816c6
What is 3211310323 (base 4) in base 16?
e5d3b
-12303423 (base 5) to base 13
-42372
92a3 (base 12) to base 16
3e5b
-886a2 (base 14) to base 3
-121210111101
What is -274071 (base 9) in base 14?
-44c0d
What is -3ec741 (base 16) in base 13?
-b10881
231074 (base 10) to base 9
381868
Convert -9673a (base 12) to base 6.
-4124514
Convert -322012 (base 4) to base 13.
-1900
2113e (base 15) to base 14
2a337
Convert 7652572 (base 10) to base 11.
4357544
Convert 2311000030 (base 4) to base 11.
46701a
-7741332 (base 8) to base 2
-111111100001011011010
Convert -356565 (base 7) to base 15.
-142d6
53143112 (base 6) to base 14
2c6100
Convert -2023211313 (base 4) to base 9.
-1061276
What is -2152513 (base 7) in base 6?
-5403031
Convert 1777545 (base 8) to base 15.
a5473
-3a45b1 (base 14) to base 2
-111101010101010001111
What is -123220441 (base 5) in base 2?
-10010010110100011011
What is -212215 (base 8) in base 7?
-413256
Convert -64088aa (base 11) to base 13.
-24518c6
What is 1350120 (base 6) in base 9?
125853
What is -544170 (base 8) in base 6?
-3524224
Convert 11806212 (base 9) to base 3.
101220020020102
What is 314325445 (base 6) in base 11?
313978a
What is -1011011110110110 (base 2) in base 16?
-b7b6
What is -282b9a (base 12) in base 14?
-1359b0
What is -31220313 (base 5) in base 12?
-105093
-76568 (base 10) to base 6
-1350252
Convert -74858 (base 10) to base 13.
-280c4
What is -1403022 (base 7) in base 4?
-231121002
Convert 6327645 (base 8) to base 10.
1683365
1a90ba (base 14) to base 16
e729c
What is b086a1 (base 12) in base 3?
12011210222111
What is -522350 (base 6) in base 10?
-42042
What is -829a87 (base 16) in base 12?
-2a4931b
Convert -3213111323 (base 4) to base 10.
-947579
Convert -1a79ff (base 16) to base 3.
-10021011012110
Convert -49e0 (base 15) to base 16.
-3d77
What is -23447 (base 8) in base 12?
-5973
What is 1345856 (base 9) in base 11?
465399
-111000101101001100110000 (base 2) to base 3
-1000222020012222
15500337 (base 8) to base 9
6643686
Convert 3728268 (base 13) to base 12.
58b3520
4ab3 (base 12) to base 4
2010213
What is 1675031 (base 8) in base 9?
826144
Convert 11001111011011100111100 (base 2) to base 10.
6797116
102003110122 (base 4) to base 10
4732186
-8719 (base 16) to base 15
-a3aa
Convert d39f49 (base 16) to base 6.
1213131425
What is 224770 (base 9) in base 4?
200321232
-25dd3b (base 16) to base 12
-9b804b
What is -191a0c (base 13) in base 11?
-3a2015
What is -aa433 (base 11) in base 2?
-100111000111110000
Convert 13614 (base 10) to base 16.
352e
Convert 200002111120101 (base 3) to base 11.
5478048
Convert -3334112 (base 5) to base 2.
-1110010100100001
Convert 1113404031 (base 5) to base 6.
125105354
Convert -1111011211 (base 3) to base 8.
-71152
-473741 (base 13) to base 12
-697852
1100011001101011101000 (base 2) to base 8
14315350
Convert -17575625 (base 8) to base 5.
-2024041022
What is -180a83 (base 14) in base 8?
-3166573
-10022002100010 (base 3) to base 5
-422102431
What is 422153342 (base 6) in base 7?
116533346
-5837 (base 11) to base 13
-3646
456200 (base 11) to base 9
1325343
What is -82097 (base 15) in base 8?
-1444364
What is -1404 (base 16) in base 13?
-2442
Convert 112330003 (base 4) to base 16.
16f03
What is -781b13 (base 13) in base 16?
-2b34fb
What is -280f26 (base 16) in base 11?
-1533493
400144222 (base 5) to base 2
101111110111110101111
What is -6cd534 (base 14) in base 4?
-32031111122
What is 260295 (base 10) in base 12?
106773
What is 592887 (base 10) in base 16?
90bf7
What is 11121322313 (base 4) in base 15?
1cec42
What is 331423014 (base 5) in base 8?
5364551
Convert -47828 (base 12) to base 14.
-270d2
Convert 4492bc (base 13) to base 4.
12023123202
What is 10612440 (base 7) in base 14?
1a2120
10000000100101100011 (base 2) to 